00)/(18 - 28) is divided by 160.
23
Suppose -6 = -3*l + 39. Let t(n) = -33*n - 347. Let x(s) = -49*s - 520. Let k(d) = -7*t(d) + 5*x(d). What is the remainder when l is divided by k(-13)?
4
Suppose 18290 = 10*f + 11*f - 18733. What is the remainder when f is divided by 34?
29
Suppose 3*f - 8288 = -8246. Let g = 43 + -22. Calculate the remainder when g is divided by f.
7
Let d = 84 + -99. Let s = d + 35. Let x = 132 + s. What is the remainder when x is divided by 52?
48
Suppose 4*o + 113 - 310 = 3*g, g + 549 = 11*o. What is the remainder when o is divided by 17?
16
Let r(o) = 5*o + 18. Let q be r(-7). Let u = q - -36. Suppose -10 = -2*j - 0. Calculate the remainder when u is divided by j.
4
Let u = 1083 - 904. Suppose -16*h + 36 = -15*h. What is the remainder when u is divided by h?
35
Let w(r) = -2*r**3 - 28*r**2 - 39*r + 87. Calculate the remainder when w(-13) is divided by 44.
36
What is the remainder when 24882/88 + (-36)/(-16) is divided by 4?
1
Calculate the remainder when 4/((-48)/(-854)) - 130/(-156) is divided by 17.
4
Suppose -5*z - 3*p = -1119, -4*z - 459 = -6*z - 5*p. Let q = z - 180. Calculate the remainder when q is divided by 53/6 + (-4)/(-24).
6
Let h = -27 + 62. Let x(g) = g**3 - 40*g**2 + 115*g - 27. Calculate the remainder when x(37) is divided by h.
16
Let n(u) = 12*u**2 - 2*u + 16. What is the remainder when n(3) is divided by 17?
16
Let v(i) = -19*i**2 - 3*i - 6. Let k be v(-2). Let q = k - -140. Calculate the remainder when q is divided by 27.
10
Suppose 29*q - 4031 - 493 = 0. Calculate the remainder when 1400 is divided by q.
152
Let s = 4136 + -4132. Calculate the remainder when 34 is divided by s.
2
Let g(n) = -n - 4. Let l(u) = 34*u - 36. Let k(f) = -18*g(f) + 2*l(f). Calculate the remainder when k(1) is divided by 22.
20
Let c(g) = -4*g + 6. Let i be c(-6). Suppose r - 51 = -4*h, -4*h + 4*r + i = -2*h. Calculate the remainder when (2 - 2/1) + 36 is divided by h.
10
Let j(b) = 15*b - 811. Calculate the remainder when 242 is divided by j(55).
4
Let c(q) = -71*q - 1197. Calculate the remainder when c(-18) is divided by 18.
9
Let t = 23417 - 23303. What is the remainder when -1138*-1*(-4)/(-8) is divided by t?
113
Suppose g + 3*g - 36 = 0. Let s be 32 + 2 + -1 + (-4)/4. Suppose 0 = -4*t - s + 44. Calculate the remainder when g is divided by t.
0
Let i(n) = 81*n + 2130. Calculate the remainder when 144 is divided by i(-26).
0
Let b = 1384 + -1248. Calculate the remainder when 266 is divided by b.
130
Let a = -22869 + 22919. Calculate the remainder when 440 is divided by a.
40
What is the remainder when 2*135/(-54)*3/5 - -41 is divided by 1?
0
Let k(g) = -369*g + 500. What is the remainder when k(1) is divided by 11?
10
Let z = -5405 - -5822. Calculate the remainder when z is divided by 1054/10 - 6/(-10).
99
Suppose -25*m = -142*m - 513*m + 64890. What is the remainder when 796 is divided by m?
75
Let n be (6/9)/((-3)/(-27)*2). Suppose 5*z + k = -12, -3*z + 2*k - 4*k = n. Let o = 6 + z. What is the remainder when 10 is divided by o?
1
Suppose -12*x + 15*x = -2*g + 549, 273 = g + 3*x. Suppose c + 2*y - 5 = 0, -4*c - 2*y - 2*y + 28 = 0. Calculate the remainder when g is divided by c.
6
Let l = -6688 + 6735. What is the remainder when 1463 is divided by l?
6
Let j(y) = 3*y - 25. Let f be j(5). Let c be -2 + 3 + -26*f/4. Let t = -60 + c. What is the remainder when 23 is divided by t?
5
Let z = -8734 - -8780. Calculate the remainder when 551 is divided by z.
45
Suppose 1537 = 3*p + 2*a, 3*p - 1301 = 2*a + 216. Suppose j + 92 - 88 = 0, 64 = 2*m - j. What is the remainder when p is divided by m?
29
Suppose -18*m + 4*m + 70 = 0. Suppose -2*g = -m*b - 146 - 299, 5*g = b + 1124. What is the remainder when g is divided by 34?
21
Suppose 0 = -17*f + 18*f - 3, 447 = 3*q - f. Let c = 2 - -17. Calculate the remainder when q is divided by c.
17
Let z = -19 + 27. Suppose 16*u - 17*u + 4 = 0. Suppose a - 28 = -u*v, -119 + 37 = -4*a - v. What is the remainder when a is divided by z?
4
Suppose -4*w + 2*w = 5*o - 3949, -3146 = -4*o + 5*w. Calculate the remainder when o/(-9*2/(-6)) is divided by 53.
51
Suppose 0 = -2*i - 129 + 353. Let h = 145 + -19. Let g = h - i. What is the remainder when g is divided by 3?
2
Let p = 5 + 10. What is the remainder when 5/(45/12) + (-22125)/(-531) is divided by p?
13
Suppose 3429 = 62*d + 763. Calculate the remainder when 205 is divided by d.
33
Suppose 5*g + 29 - 59 = 0. Let x be 1/((-15)/24)*-5. Suppose -t + x = 3*d - 2*d, 0 = -2*t + 2*d + 24. Calculate the remainder when t is divided by g.
4
Suppose -d - 2*i = 2 - 6, -5*d - 3*i - 15 = 0. Let x = -908 + 921. What is the remainder when (-6)/(-4)*(-100)/d is divided by x?
12
Let r be 16/4 + 2 + 7. Suppose r*a - 16 - 10 = 0. Suppose -a*o + g - 11 = -3*o, -2*o + 10 = 5*g. What is the remainder when 43 is divided by o?
13
What is the remainder when 2635 is divided by 10/(21/(-22) - (89 - 90))?
215
Suppose 0 = -3*n + 3*v + 90, -5*v = -3*n + 60 + 20. Let w = 56 - 37. Calculate the remainder when n is divided by w.
16
Suppose i - z = 22, 4*z - 31 - 35 = -3*i. Let p(f) = -55*f**3 - f**2 + 2*f - 3. Let u be p(2). Calculate the remainder when 12/(-42) - u/7 is divided by i.
19
Let p = -315 - -555. Calculate the remainder when 95 is divided by 119/6 - (-40)/p.
15
Let q(a) = a**3 + 3*a**2 - 13*a - 15. Let v be q(-5). Let w = 18 + -14. Suppose 5*p - z = 625, z - w*z = v. Calculate the remainder when p is divided by 43.
39
Suppose 0 = t + 5*o - 52, -4*t - 44 = 3*o - 218. Calculate the remainder when 154 is divided by t.
28
Let l(c) = 33*c - 17. Let u be l(5). Suppose -77*h + u = -75*h. Calculate the remainder when h is divided by 25.
24
Let b(j) = 12*j**3 + j**2 - 6*j + 11. Let m(n) = -2*n**2 + 16*n + 4. Let h be m(8). Suppose h*w + 2 = 10. What is the remainder when b(w) is divided by 26?
21
Suppose -5*g + 38 = 3*t, -2 = g - 6. Suppose 3*l + 2*l = -30. Calculate the remainder when l/(-1)*(3 + t/(-12)) is divided by 11.
4
Suppose 0 = 4*s + 5*x - 2984, 0 = -5*s + 2*x + 3*x + 3775. Calculate the remainder when s is divided by 266.
219
Let t(m) = -m**3 + 9*m**2 + 19*m - 21. What is the remainder when 1327 is divided by t(5)?
109
Suppose 2*z - 3*x - 40 = -3, -3*z + 5*x + 56 = 0. Suppose 800 = 4*k - 4*a, 3*k + 0*k - 2*a = 600. Calculate the remainder when k is divided by z.
13
Let b be -8*(-5)/(5/(-1)). Let z = 10 + b. What is the remainder when 57 is divided by -2 - (-18)/z - 1?
3
Let v = -76 + 83. Let g(b) = v*b**2 - 17*b**2 + 11*b**2 - 7*b. What is the remainder when 51 is divided by g(-3)?
21
Suppose u - 2*n = 17 + 20, -2*n + 45 = u. Suppose w - 112 = r, 2*w = 6*w + 4*r - 432. Let v = w - 31. Calculate the remainder when v is divided by u.
38
What is the remainder when 492 is divided by (-4 + -7)*(19 + -24)?
52
Let r = 13814 - 13734. What is the remainder when 658 is divided by r?
18
Suppose -9218 - 3320 - 33684 = -242*a. Let y = 150 + -80. What is the remainder when a is divided by y?
51
Let k(f) = 7*f**2 - 3*f**3 - 9*f + 9 + 2*f**3 + 2*f**2. Calculate the remainder when k(7) is divided by ((-690)/(-24) + -30)/(2/(-24)).
14
Calculate the remainder when 1255 is divided by (-220)/6*(11 + 0 + 125/(-10)).
45
Calculate the remainder when 5517 is divided by -7*1 + (-1)/(8 - 1245/155).
21
Suppose 24876*x - 2898 = 24862*x. What is the remainder when x is divided by 36?
27
Suppose -11*n + 7*n = -80. Suppose -12*x = -17*x + n. Calculate the remainder when ((-35)/(-20))/(-7) + 57/x is divided by 10.
4
What is the remainder when 844 is divided by ((-5992)/(-21) - -11) + 12/18?
250
Let t be 5*-6*(-6)/90. Suppose t*j - 77 = 15. What is the remainder when j is divided by 8?
6
Suppose -14*y - 4*j + 2140 = -12*y, -4*y + 3*j + 4324 = 0. Calculate the remainder when y is divided by 83.
82
Calculate the remainder when 101 is divided by ((-12)/(-13))/(506/3289).
5
Suppose 8*a = 6*a - 5*f + 187, 4*a + 2*f = 334. Calculate the remainder when 562/9 - 36/a is divided by 16.
14
What is the remainder when ((5382/36 - 16)*4/(-3))/(-1) is divided by 66?
46
Suppose -5*t - 2*f + 100 = 0, -4*t = -t + f - 61. Let k(r) = 10 + 3 - 4*r + 8*r**2 - r**3 - t. Calculate the remainder when k(5) is divided by 13.
7
Let w = -5 + 7. Suppose -3*g = -w*g - 4*j + 6, 5*g + 11 = j. What is the remainder when (61/(-4